- 5*s. Suppose -o = a*g - 7*g. Is g a prime number?
False
Suppose 0 = 3*a + 2*a - 10. Suppose 10*l - 4827 - 5753 = 0. Suppose a*f - 4*m - l = 0, -m - 460 = -f + 69. Is f a prime number?
False
Let j = 1245115 - 754338. Is j composite?
True
Suppose 74*a - 85*a + 2442 = 0. Let y = 7385 + a. Is y prime?
True
Suppose -c + 4*c + 2*z = -34, c + 2 = 4*z. Is 86/c*(-48110)/68*2 a prime number?
False
Is 2429154/98 - (-2)/(-7) - (-24)/4 prime?
True
Suppose -6*i - 81 = -3*i. Is 3 + (-45516)/i - (-2)/9 a prime number?
False
Suppose 4*h = -0*h + 4. Let a be (h - 14/6)*81/(-18). Suppose -a*i + 815 = -5*i. Is i a prime number?
False
Let m(n) = 3*n - 2. Let v be m(4). Let y(f) = 109*f + 1. Let l(w) = -110*w + 2. Let r(h) = 2*l(h) + 3*y(h). Is r(v) prime?
False
Let o be (-210)/(-21) - (2 + 4 + -7430). Suppose n = 1702 + 9181. Let a = n - o. Is a prime?
True
Let a = -323 + 323. Suppose -132510 = -a*k - 30*k. Is k a prime number?
False
Let w(x) = -73*x - 2. Let q be w(-1). Suppose 0 = 2*f - 1255 - q. Suppose 1121 = 2*b + 3*b - 3*r, 3*b = -3*r + f. Is b a composite number?
False
Let t be ((-14)/(-3))/((-8)/12). Let b = 652 - 660. Is (b - t) + 1 + 391 composite?
True
Let w = 2070 - -1236. Let p = -843 + w. Is p composite?
True
Suppose -9 = -9*g + 6*g. Let s(k) = 2*k**2 - 4*k - 1. Let p be s(g). Suppose -u = -p*u + 18028. Is u composite?
False
Suppose -2*f - 956 = -970. Let i(v) = 793*v - 170. Is i(f) a composite number?
False
Let v be 2236/43 + (-11 - -2). Is v/((-602)/(-13680)) - (-3)/(-21) prime?
True
Let x(a) = 2208*a**2 - 571*a + 25. Is x(8) composite?
False
Let l = -4953 + 73726. Is l prime?
False
Suppose 2*l = -f + 232507, 4*l + 96*f - 465063 = 101*f. Is l prime?
True
Let s = 5234 - 8738. Let g = -1403 - s. Is g a composite number?
True
Let b(t) = -15*t**2 - 21*t - 17. Let x be b(-26). Let q = x + 48300. Is q prime?
False
Let s(q) be the first derivative of 4*q**3 + 4*q**2 + 38*q - 8. Let w(m) = -m**3 + 17*m**2 - m + 27. Let c be w(17). Is s(c) prime?
False
Suppose 6*g + 104 - 290 = 0. Suppose -2*b + n = -1524, -g*n = 3*b - 35*n - 2281. Is b a composite number?
True
Is 726636/8*((-145)/(-15) + -9) composite?
True
Suppose 12 = -9*j + 39. Suppose -54470 = -29*q + j*q. Is q a composite number?
True
Suppose -5 = -3*j + o - 25, 0 = -j - 5*o - 12. Suppose -6*d - 84 = -12*d. Is (-1149)/(j/(d/3)) prime?
False
Let l(o) = 24 + 5095*o + 2732*o + 412*o + 2363*o. Let h be l(8). Is ((-5)/3 - -1)*h/(-112) composite?
True
Suppose 0 = 34*g - 1934132 - 15203466. Is g a prime number?
True
Is (-77623791)/294*(-5)/((-5)/(-2)) composite?
False
Let n be 2 - (-8 + 8)/(2/2). Suppose -3*v + n = 5*z, 18 - 2 = -4*z + 2*v. Let s(b) = -13*b**3 + 2*b**2 + 2*b + 1. Is s(z) a prime number?
True
Let w = 160 + 103. Let r be (172/301)/(38/(-14) - -3). Suppose 0 = q + 3*f - w, -r*f = -4*f - 4. Is q prime?
True
Let n(p) = p**3 + 2*p**2 - 1. Let o(t) = -92*t**3 - 13*t**2 + 17*t + 99. Let j(w) = n(w) + o(w). Is j(-5) prime?
True
Let b(f) = f**2 - 4*f - 13. Let v be b(7). Let l(k) = -13*k**2 - 6*k + 27. Let h be l(v). Let o = h - -1232. Is o composite?
False
Suppose p = 3*k + 9, k = p - 4*k - 17. Let d(w) be the first derivative of 118*w**3/3 + w**2/2 - 4*w - 15. Is d(p) a prime number?
False
Is -1*(0 - 2)*(-1)/(12/(-3178446)) a prime number?
True
Suppose 2*w + 1433 = 359. Let c be (116/145)/(12/310)*51. Let t = w + c. Is t a prime number?
False
Suppose 0 = 3*d - 9, 6*l - 300 = 3*l - 4*d. Let w = 207 + l. Is w prime?
False
Let n be (-58)/(-7) + (-4)/14. Suppose 16 = -4*b + n*b. Suppose -2*o = -b*o + 106. Is o a prime number?
True
Let w be (-18)/(-5) + 4/10. Suppose -8*a + 2*a = -24. Suppose -2*s = -a*u + 2526, w*u - 4*s - 2521 = -7*s. Is u a composite number?
False
Let r(m) = m**2 - 11*m - 8. Let l be r(12). Suppose 3*x = 4*g - 14899 + 1406, -10151 = -3*g - 4*x. Suppose -l*h - g = -15*h. Is h composite?
False
Suppose 3*m - 387138 = -2*t + 61067, 0 = t + 3*m - 224104. Is t a composite number?
False
Let m(x) = 1314*x + 1 - 11 - 5 + 4. Is m(6) a composite number?
False
Suppose 2 = f + 5*o + 1, -40 = -4*f - 2*o. Let k(g) = 194*g - 71. Is k(f) composite?
False
Is 21*(-24)/(-84) - -25925 a prime number?
True
Suppose 4*q + 1820 = 14*q. Suppose 6 = -0*h - 3*h, 5*n = 3*h - 3409. Let y = q - n. Is y a prime number?
False
Suppose -3*p = 4*g - 29614, 22217 = 3*g - 0*p - p. Let s = g + -5245. Suppose -4*c = -f + 481, -5*f + 4*c + s + 293 = 0. Is f prime?
False
Suppose 5 + 3 = -2*n, m - 2*n = -538. Let z be m/65*20/(-3). Is z - (0/(-4) - 0 - 2) a prime number?
False
Let g = 10391 + -10280. Let m = 7 + -4. Suppose -5*l + g + 2284 = -5*j, 2*l = m*j + 958. Is l prime?
True
Let q(z) = -527*z + 132. Let p be q(-24). Suppose 5*u - 2*w - p = 1496, -4*w = u - 2842. Is u composite?
True
Let o = 944 + -422. Is (o/27)/((-6)/(-8271)) a composite number?
True
Is ((-7947)/189 + (-4)/14)/((-8)/133368) a composite number?
True
Suppose -32*j + 33*j = -12. Let w be -12*(45/j + 3). Suppose w*u = 11*u - 894. Is u prime?
False
Let q(b) = b**3 - 9*b**2 - 10*b - 5. Let a be q(10). Is (-7)/((-52416)/10482 - a) a composite number?
True
Suppose -6 = 2*r + r. Suppose 5*t + 4 = t + 4*o, 3*t - 2*o + 4 = 0. Is (t/(-4))/(r/(-1516)) prime?
True
Let x(g) = 33239*g + 4451. Is x(30) a composite number?
False
Let x(s) = 2*s**2 - 17*s + 5. Let k be 1/(-3) + ((-10300)/(-30))/10. Is x(k) composite?
True
Suppose -2*r = -36764 - 221550. Is r a composite number?
True
Suppose 3*t = -2*o + 9714, 6476 = 3*t - t - 4*o. Suppose 7*z + t - 24357 = 0. Is z composite?
True
Let s be (8 - 47 - 2*-2)*-74. Let v be (-1 - 8/(-14)) + s/(-245). Is ((46156/(-12))/v)/((-2)/(-6)) prime?
True
Let h = -44 + 26. Let u(q) be the first derivative of -q**4/2 - 26*q**3/3 - 20*q**2 + 25*q - 1275. Is u(h) a prime number?
False
Let x(h) = -107*h + 9. Let r be x(9). Let y = -678 + 693. Is (r/y)/((-2)/5) prime?
False
Suppose -2*r - j = -264979, 15*j - 14*j = -3. Is r composite?
False
Suppose -15*a + 3 = -27. Suppose l - 2*y = a*y + 4827, -3*y + 6 = 0. Is l composite?
True
Let q = 93 + -90. Suppose 3*u + 4*p - q - 2 = 0, -9 = 5*u - 2*p. Is u - (-6352)/((-7)/3 - -3) composite?
True
Suppose -376 = -3*v + 977. Let g = v + 70. Suppose -7*b = -18 - g. Is b prime?
False
Let s be 15 + (4/4)/1. Suppose 7 - s = -3*p. Suppose 1113 = p*a - 0*a. Is a a composite number?
True
Suppose 392*n - 273568892 - 207749073 = -159195493. Is n a composite number?
False
Let n = -37801 - -67184. Is n a prime number?
True
Suppose 19*y = 18*y + 531. Suppose -y = -3*f + 264. Is f prime?
False
Suppose -10*h - 5 = -n - 11*h, -3*h + 6 = 0. Is 1/(n + -1) - (-39990)/60 composite?
True
Suppose -24*z - 8 + 56 = 0. Suppose -44462 = -4*a - z*i, -13*a - 44467 = -17*a - 3*i. Is a composite?
False
Suppose 5*r - 1262 - 1188 = -5*c, 0 = -2*c - 10. Let g be (-6 - -5) + (-4)/(-1). Suppose -g*o + r = -78. Is o prime?
True
Let w be 5 + 1 - (-45)/(-8 - 7). Suppose -q + w*u = -13820, -5*q = -9*u + 6*u - 69064. Is q a composite number?
True
Let d(r) = r**2 - 36*r + 76. Let c be d(34). Suppose c*f - 87460 = -2*f. Is f composite?
True
Suppose 0 = -4*t - 8327 - 229. Let b = 3802 - t. Is b a prime number?
False
Is ((-820)/492)/((-5)/934419) composite?
False
Let x(b) = -835*b + 17. Let c(m) = -m**3 + 3*m**2 - 2*m - 2. Let k be c(2). Is x(k) a prime number?
False
Let u(p) = p**2 + p + 20. Let g be u(21). Let z = -232 + g. Suppose 3*f = z + 359. Is f prime?
False
Let c = -325 + 316. Let l(i) = 46*i**2 - 19*i - 8. Is l(c) a prime number?
True
Let q be 6/63 + (-824)/(-168). Let b(u) = -3*u**2 + 4*u - 4. Let m be b(q). Is m*(-6)/((-24)/(-68)) a composite number?
True
Let a = 110574 - 52801. Is a a composite number?
False
Suppose 188*w - 128*w = 2144220. Is w a composite number?
True
Let s be (-5)/(-2)*30/75. Let n be s + 213 - (14 + -10). Suppose -5*k - 40 = -b, -k - 62 = -5*b + n. Is b prime?
False
Suppose 5*v + 2*a + 492 = 0, 94 = -v + a + 3*a. Let p = 151 + v. Is p a composite number?
False
Is (21/2)/(111/268694) prime?
False
Let r = -730118 + 1230633. Is r a prime number?
False
Suppose -4*n - 2*a = 32, n = -0*n + 2*a + 2. Let t(p) = p. Let s(u) = 10*u + 5. Let d(z) = n*t(z) + s(z). Is d(8) a prime number?
True
Let h(r) = 184*r**2 + 14*r - 9. Let t be h(5). Suppose -3*p = -4*b - t, -7*p + 2*b + 3108 = -5*p. Is p prime?
False
Suppose -117 